2) in base 3?
-10000020
Convert 110112 (base 4) to base 6.
10010
What is 8039 (base 16) in base 8?
100071
-20222 (base 4) to base 14
-2b8
Convert 1708 (base 10) to base 16.
6ac
What is -126 (base 11) in base 6?
-405
2758 (base 12) to base 10
4532
Convert 28a (base 13) to base 5.
3302
What is -193 (base 15) in base 2?
-101101011
Convert -180 (base 11) to base 6.
-545
What is 2275 (base 11) in base 2?
101110101010
Convert 18363 (base 9) to base 10.
12693
Convert 2310 (base 9) to base 2.
11010101110
What is 1076 (base 8) in base 14?
2d0
Convert 13231121 (base 4) to base 16.
7b59
What is -2035 (base 11) in base 5?
-41300
-1060 (base 7) to base 16
-181
What is 1894 (base 15) in base 16?
14c2
-11000010110000 (base 2) to base 7
-51224
1dfb (base 16) to base 14
2b23
What is -1262 (base 7) in base 10?
-485
Convert 3113230 (base 4) to base 11.
a40a
Convert 201121220 (base 3) to base 14.
52dd
b9 (base 16) to base 2
10111001
abc3 (base 13) to base 14
8a56
What is 111001101 (base 2) in base 6?
2045
What is 1d43 (base 15) in base 11?
4865
3300201 (base 4) to base 11
10624
What is 1031 (base 10) in base 16?
407
-17b (base 12) to base 9
-285
430b (base 15) to base 13
65c3
-41884 (base 9) to base 16
-6c31
What is -110111100000 (base 2) in base 15?
-10bc
42 (base 10) to base 9
46
What is 21533 (base 10) in base 16?
541d
Convert -17646 (base 11) to base 14.
-902a
5041 (base 9) to base 15
1157
Convert 6108 (base 9) to base 11.
3398
What is 1130112 (base 4) in base 9?
8086
Convert -45310 (base 6) to base 2.
-1100011101010
-b9aa (base 15) to base 10
-39310
What is -2b15 (base 15) in base 4?
-2100131
-441 (base 9) to base 15
-191
462c (base 16) to base 7
103242
What is -58 (base 15) in base 2?
-1010011
Convert 1432 (base 6) to base 13.
233
Convert 23201 (base 6) to base 5.
101223
Convert -2600 (base 7) to base 2.
-1111010100
1a5 (base 15) to base 13
233
Convert 141 (base 12) to base 4.
3001
Convert -11111021 (base 3) to base 10.
-3274
What is 3737 (base 12) in base 3?
22112221
Convert -1110 (base 13) to base 6.
-15003
2021010 (base 3) to base 7
4545
-1673 (base 9) to base 16
-501
-3204 (base 5) to base 6
-1553
What is -141180 (base 9) in base 12?
-41a53
-4283 (base 9) to base 3
-11022210
What is -10516 (base 7) in base 13?
-1297
Convert -21575 (base 10) to base 11.
-15234
146117 (base 9) to base 3
11120010121
Convert -a4 (base 14) to base 8.
-220
-221 (base 8) to base 9
-171
12962 (base 12) to base 8
61732
-1331 (base 10) to base 13
-7b5
What is -414121 (base 5) in base 9?
-20658
-1431133 (base 6) to base 14
-21bd7
What is 1b8 (base 12) in base 3?
101112
Convert 10704 (base 10) to base 11.
8051
1011101110100 (base 2) to base 12
3584
What is 129 (base 12) in base 5?
1202
-3016 (base 13) to base 4
-1213102
-111101001 (base 3) to base 8
-23024
Convert -1121000 (base 3) to base 8.
-2211
542552 (base 6) to base 10
44708
Convert 31446 (base 10) to base 16.
7ad6
56060 (base 9) to base 4
21011301
What is -220101 (base 3) in base 16?
-292
What is -ba0 (base 13) in base 5?
-30424
Convert -558 (base 9) to base 11.
-387
Convert 1020 (base 3) to base 11.
30
Convert 11a8 (base 14) to base 2.
110000010000
Convert -3140101 (base 5) to base 12.
-26492
Convert 13100212 (base 4) to base 12.
1525a
Convert 170 (base 9) to base 7.
264
2213233 (base 4) to base 10
10735
-303100 (base 5) to base 4
-2120233
Convert 3a (base 14) to base 10.
52
Convert -7bcc (base 14) to base 11.
-15206
Convert 6581 (base 11) to base 15.
288a
b570 (base 14) to base 15
93e2
What is 309 (base 10) in base 8?
465
Convert 10702 (base 12) to base 4.
11103302
1202101121 (base 3) to base 16
86f5
255230 (base 6) to base 2
101101010100010
-1371 (base 13) to base 7
-11103
8241 (base 15) to base 5
1340021
Convert -11000110111001 (base 2) to base 16.
-31b9
What is 22a (base 13) in base 6?
1422
-21002101 (base 4) to base 3
-1212202201
32648 (base 9) to base 2
101010010100111
What is 10ba (base 13) in base 8?
4456
4314 (base 6) to base 14
502
491 (base 10) to base 11
407
-3655 (base 8) to base 13
-b82
What is -5433 (base 6) in base 4?
-103131
17945 (base 10) to base 3
220121122
What is 50203 (base 7) in base 10?
12106
25 (base 6) to base 10
17
-24e (base 15) to base 3
-201102
1000111 (base 2) to base 8
107
Convert 1a9 (base 16) to base 13.
269
4423 (base 5) to base 10
613
Convert -1516 (base 8) to base 9.
-1140
Convert 3015 (base 6) to base 10.
659
What is 18455 (base 13) in base 8?
133443
What is 11c (base 13) in base 15?
ce
Convert -2101112 (base 3) to base 7.
-5036
What is -150 (base 14) in base 8?
-412
What is 1905 (base 12) in base 4?
233111
1a7 (base 13) to base 5
2211
3595 (base 13) to base 14
2a7c
33 (base 12) to base 9
43
Convert -41335 (base 6) to base 7.
-22061
Convert 24 (base 6) to base 12.
14
Convert 31365 (base 7) to base 14.
2b6c
Convert 27e0 (base 16) to base 5.
311313
What is 26514 (base 9) in base 7?
103141
432010 (base 6) to base 7
205203
Convert eae (base 15) to base 7.
12443
Convert -397 (base 13) to base 16.
-277
Convert -100010212 (base 3) to base 10.
-6665
What is 1ac9 (base 16) in base 15?
2072
17710 (base 8) to base 11
6127
Convert d0 (base 14) to base 13.
110
-22210 (base 3) to base 10
-237
2667 (base 8) to base 9
2005
What is 44 (base 16) in base 4?
1010
Convert 4516 (base 7) to base 4.
121132
Convert -136304 (base 7) to base 9.
-38862
What is 1000101011010000 (base 2) in base 12?
18694
What is -214531 (base 6) in base 9?
-26511
What is 898 (base 11) in base 15?
4ba
What is 513 (base 9) in base 7?
1134
Convert -442214 (base 5) to base 7.
-62430
Convert 100011110010101 (base 2) to base 8.
43625
What is -4022 (base 10) in base 15?
-12d2
Convert 2304 (base 6) to base 3.
202011
What is 12231 (base 6) in base 12?
1077
11201 (base 5) to base 3
1002200
Convert 1996 (base 11) to base 7.
10235
-2026 (base 8) to base 4
-100112
What is -6d2 (base 15) in base 4?
-120023
Convert -123345 (base 6) to base 5.
-324103
1110111122 (base 3) to base 6
341155
What is 2118 (base 9) in base 16?
614
What is 13837 (base 10) in base 16?
360d
Convert 121332 (base 4) to base 13.
9ab
-160b (base 15) to base 13
-2204
-100110110010001 (base 2) to base 15
-5d3c
-aa92 (base 13) to base 10
-23779
Convert 37537 (base 8) to base 9.
24225
Convert 110010000000001 (base 2) to base 13.
b864
What is -450 (base 11) in base 10?
-539
f77 (base 16) to base 2
111101110111
101023 (base 4) to base 5
13344
-1424 (base 11) to base 13
-ab8
1115430 (base 6) to base 14
16a94
1275 (base 9) to base 14
4c7
Convert -1b5d (base 16) to base 14.
-27a5
Convert -17212 (base 12) to base 16.
-816e
286 (base 13) to base 2
111000000
7292 (base 16) to base 3
1111020022
264 (base 10) to base 15
129
-487 (base 11) to base 14
-2d5
-102102 (base 4) to base 7
-3261
Convert -5302 (base 10) to base 15.
-1887
Convert -110000100100 (base 2) to base 15.
-dc3
What is 1221 (base 5) in base 11?
15a
1010000000011011 (base 2) to base 9
62201
-10522 (base 6) to base 2
-10111010010
Convert 31d1 (base 14) to base 16.
21a3
Convert -222000 (base 4) to base 9.
-3616
What is -202204 (base 5) in base 14?
-2562
Convert -1145 (base 9) to base 8.
-1523
Convert -25761 (base 12) to base 14.
-14929
What is -a220 (base 14) in base 2?
-110110011010100
21021 (base 3) to base 15
d1
223111 (base 4) to base 7
11041
What is -dead (base 15) in base 4?
-23201110
Convert -e0a (base 15) to base 14.
-121a
13003 (base 4) to base 12
317
Convert 1b7b (base 14) to base 3.
20212112
Convert -11000010111010 (base 2) to base 8.
-30272
Convert -2001121 (base 3) to base 16.
-5dd
What is -3022 (base 9) in base 7?
-6302
Convert -3792 (base 15) to base 5.
-334322
What is 310 (base 16) in base 11?
653
100100000110 (base 2) to base 14
bb0
1926 (base 11) to base 8
4620
Convert -10000010 (base 3) to base 6.
-14050
Convert 203204 (base 6) to base 13.
7540
What is -331 (base 8) in base 3?
-22001
100010001 (base 2) to base 10
273
What is -20112 (base 3) in base 12?
-128
Convert 626 (base 7) to base 10.
314
What is 30711 (base 9) in base 5?
1122020
Convert 12101122 (base 3) to base 6.
30112
Convert 206134 (base 7) to base 15.
a8d1
Convert 10000110010111 (base 2) to base 16.
2197
What is -1010100010110 (base 2) in base 9?
-7357
Convert 2020200 (base 3) to base 11.
125a
Convert -1001100010011100 (base 2) to base 16.
-989